de 33833918?
False
Does 31 divide 67068686?
True
Is 43326785 a multiple of 413?
False
Does 87 divide 165262009?
False
Is 439842614 a multiple of 13?
False
Is 924 a factor of 5787012?
True
Is 133665960 a multiple of 120?
True
Does 65 divide 66795300?
True
Is 448 a factor of 888313664?
True
Is 949 a factor of 288349854?
True
Is 18 a factor of 316433466?
True
Is 883298992 a multiple of 184?
True
Is 18 a factor of 182044620?
True
Is 279 a factor of 157325270?
False
Does 68 divide 84082680?
True
Is 93298159 a multiple of 350?
False
Does 91 divide 13503030?
False
Does 64 divide 418472704?
True
Is 1136 a factor of 102433120?
True
Is 1148 a factor of 843845785?
False
Does 2557 divide 396416465?
False
Is 235 a factor of 104763167?
False
Does 6053 divide 708328113?
True
Is 227 a factor of 59424287?
True
Is 31625591 a multiple of 208?
False
Is 18 a factor of 62323056?
True
Is 16 a factor of 67100570?
False
Is 2180 a factor of 1091604480?
True
Is 30309796 a multiple of 35?
False
Is 1786 a factor of 791721298?
True
Is 13 a factor of 1256669718?
False
Is 1542621297 a multiple of 169?
False
Is 391186341 a multiple of 6643?
True
Is 65791313 a multiple of 4?
False
Is 11 a factor of 10990562?
True
Is 14 a factor of 1404603354?
True
Is 35329556 a multiple of 4?
True
Is 253097465 a multiple of 240?
False
Does 13 divide 9714250?
True
Is 695919854 a multiple of 75?
False
Is 3499508 a multiple of 4?
True
Is 2767 a factor of 19543787?
False
Does 378 divide 55866510?
True
Does 714 divide 3049449564?
False
Does 13 divide 16693971?
False
Is 28337990 a multiple of 239?
False
Does 243 divide 3392280?
True
Does 2634 divide 139304358?
True
Does 2909 divide 8729317?
False
Is 7 a factor of 381735501?
True
Does 547 divide 176260357?
True
Does 45 divide 1292146920?
True
Is 376 a factor of 2037495120?
True
Does 26 divide 61997936?
True
Is 144906802 a multiple of 563?
False
Is 42 a factor of 73403316?
True
Is 2337 a factor of 77534649?
True
Does 163 divide 1761104533?
False
Is 21167331 a multiple of 453?
True
Is 27 a factor of 2913628806?
True
Is 1203 a factor of 55021897?
False
Does 372 divide 101765054?
False
Does 53 divide 164499684?
False
Does 164 divide 135538884?
False
Does 4372 divide 345112463?
False
Does 188 divide 805362201?
False
Is 97162370 a multiple of 185?
True
Is 27585318 a multiple of 1383?
True
Does 10 divide 167577670?
True
Does 10 divide 2133700?
True
Is 4482665 a multiple of 623?
False
Is 17 a factor of 126805822?
True
Is 58053474 a multiple of 342?
True
Is 887 a factor of 12623213?
False
Is 22 a factor of 5544197240?
False
Does 4 divide 76865241?
False
Is 2251 a factor of 688178811?
False
Does 18 divide 4560160374?
True
Is 68 a factor of 550188?
True
Does 153 divide 61102386?
True
Does 44 divide 6173139588?
True
Does 235 divide 145144460?
True
Is 10030725 a multiple of 327?
True
Is 1220783124 a multiple of 115?
False
Is 204 a factor of 3703326444?
True
Is 13875710 a multiple of 73?
False
Is 638 a factor of 256379662?
True
Does 4 divide 13138416?
True
Is 6065804 a multiple of 2?
True
Is 945515 a multiple of 10?
False
Is 3169779772 a multiple of 75?
False
Is 6328800 a multiple of 50?
True
Is 7985 a factor of 2078287890?
True
Does 17 divide 51910673?
True
Is 793 a factor of 100341429?
False
Is 1465 a factor of 235014527?
False
Is 40177728 a multiple of 192?
True
Is 12393041 a multiple of 127?
True
Is 80733869 a multiple of 14?
False
Is 3964 a factor of 2022978330?
False
Is 305 a factor of 5448520?
True
Is 65 a factor of 6185790?
True
Is 814 a factor of 30750478?
True
Does 54 divide 42983244?
True
Does 927 divide 4506147?
True
Is 75 a factor of 282565250?
False
Is 4916069 a multiple of 71?
False
Is 127445556 a multiple of 94?
False
Is 5074684 a multiple of 4?
True
Does 10 divide 1009354680?
True
Is 28 a factor of 470100755?
False
Is 422 a factor of 2004922?
True
Is 60403988 a multiple of 346?
True
Does 3 divide 16957805?
False
Does 29 divide 6596702?
False
Does 232 divide 142912?
True
Does 195 divide 127963228?
False
Is 549 a factor of 2497377571?
False
Is 1734408855 a multiple of 999?
True
Does 23 divide 7701354?
False
Does 4942 divide 239993404?
True
Is 95 a factor of 25869454?
False
Is 2180 a factor of 1339858520?
True
Is 29377 a multiple of 2?
False
Does 351 divide 9515641?
False
Is 73695072 a multiple of 48?
True
Is 474 a factor of 358563828?
False
Does 2299 divide 3232496407?
False
Is 1035083 a multiple of 2207?
True
Is 160783800 a multiple of 366?
True
Is 50833220 a multiple of 155?
False
Does 201 divide 187949863?
False
Does 10 divide 2869727708?
False
Does 1496 divide 382117731?
False
Is 505 a factor of 42128110?
True
Does 3 divide 1213779?
True
Is 221062682 a multiple of 4142?
True
Is 47 a factor of 1133740768?
True
Is 166906544 a multiple of 392?
True
Is 892240 a multiple of 19?
True
Is 809492250 a multiple of 1727?
False
Is 3247 a factor of 2923595553?
True
Is 835366152 a multiple of 808?
True
Does 3 divide 45607132?
False
Does 112 divide 19098016?
True
Is 1238416492 a multiple of 29?
False
Does 10 divide 179316495?
False
Is 431 a factor of 193628905?
True
Is 516691350 a multiple of 4?
False
Is 240 a factor of 166348800?
True
Does 13 divide 4106507?
False
Is 86 a factor of 25639352?
True
Is 50211084 a multiple of 539?
True
Is 58 a factor of 2174204074?
False
Is 5965 a factor of 2362366670?
True
Does 63 divide 40562875?
False
Does 283 divide 653224562?
True
Is 6 a factor of 2180880?
True
Is 6 a factor of 256897223?
False
Is 59595182 a multiple of 24?
False
Is 7 a factor of 90898059?
True
Is 181929150 a multiple of 1135?
True
Is 504683713 a multiple of 392?
False
Is 20896543 a multiple of 797?
True
Is 142891073 a multiple of 2050?
False
Does 12 divide 1980953087?
False
Does 22 divide 864014580?
True
Is 9578968 a multiple of 29?
False
Does 118 divide 10473090?
True
Is 504 a factor of 37080288?
True
Is 132126960 a multiple of 651?
True
Is 4899 a factor of 3072116407?
False
Is 71 a factor of 50956243?
False
Is 178250625 a multiple of 25?
True
Is 179 a factor of 3483120009?
True
Is 47 a factor of 7927349?
True
Is 226619856 a multiple of 216?
True
Does 445 divide 12816890?
True
Is 21427620 a multiple of 59?
True
Is 1576 a factor of 28557120?
True
Is 28540988 a multiple of 203?
True
Does 113 divide 157566070?
True
Is 4612 a factor of 282065840?
False
Is 393223124 a multiple of 2324?
True
Is 27 a factor of 209914173?
True
Does 225 divide 2159004150?
True
Is 55212981 a multiple of 10?
False
Is 1484726600 a multiple of 40?
True
Does 2948 divide 265273797?
False
Does 7 divide 229118533?
True
Is 9517842 even?
True
Does 229 divide 126152894?
True
Is 235821527 a multiple of 8?
False
Is 175798612 a multiple of 44?
True
Is 2146 a factor of 716113762?
True
Is 161 a factor of 182550323?
False
Is 143 a factor of 6819386?
False
Is 33 a factor of 16656486?
True
Is 2223 a factor of 483091245?
True
Is 75 a factor of 476995875?
True
Is 792 a factor of 30475368?
True
Does 958 divide 121091442?
False
Is 236 a factor of 255001176?
False
Does 79 divide 17303911?
False
Is 35414366 a multiple of 1806?
False
Is 186136143 a multiple of 243?
False
Does 797 divide 320018085?
False
Is 223 a factor of 19860157?
True
Does 1661 divide 232446984?
True
Is 33919809 a multiple of 147?
True
Does 115 divide 569050245?
True
Is 302 a factor of 18533438?
True
Does 7 divide 4716678?
False
Does 7 divide 12030459?
True
Is 459760394 a multiple of 4931?
False
Is 163 a factor of 93097939?
True
Is 65 a factor of 56437290?
True
Does 45 divide 4693805?
False
Is 1167 a factor of 17382465?
True
Does 30 divide 285620641?
False
Does 351 divide 25017025?
False
Is 21 a factor of 556900690?
False
Does 37 divide 98500808?
True
Does 11 divide 2429886162?
True
Is 5957 a factor of 240623479?
False
Does 700 divide 151816446?
False
Does 27 divide 200921526?
True
Does 651 divide 12844230?
True
Is 271702555 a multiple of 865?
True
Does 72 divide 38860763?
False
Is 338013050 a multiple of 143?
False
Is 26 a factor of 999256388?
True
Is 120 a factor of 37761552?
False
Is 1623 a factor of 18632343?
False
Does 395 divide 72697775?
True
Is 540396784 a multiple of 722?
True
Is 203117986 a multiple of 21?
False
Is 297666259 a multiple of 72?
False
Does 87 divide 33944355?
True
Is 340090436 a multiple of 33?
False
Is 528 a 